{"id":907,"date":"2020-07-25T20:53:52","date_gmt":"2020-07-25T18:53:52","guid":{"rendered":"http:\/\/www.scouts284.org\/?page_id=907"},"modified":"2020-07-25T21:01:58","modified_gmt":"2020-07-25T19:01:58","slug":"campamento-2014","status":"publish","type":"page","link":"https:\/\/www.scouts284.org\/index.php\/campamento-2014\/","title":{"rendered":"Campamento 2014"},"content":{"rendered":"\n<h3 class=\"wp-block-heading\">\u00a1Bienvenidos!<\/h3>\n\n\n\n<p>Esta es la p\u00e1gina del Campamento&nbsp;<strong>Torrecilla en Cameros &#8211; 2014<\/strong>, del Grupo Scout 284 &#8211; Reina del Cielo.<\/p>\n\n\n\n<p>Desde aqu\u00ed puedes acceder a las p\u00e1ginas de:<\/p>\n\n\n\n<h3 class=\"wp-block-heading\"><a href=\"https:\/\/www.scouts284.org\/index.php\/campamento-virtual-torrecilla-en-cameros-2014\/\">Campamento Virtual<\/a><\/h3>\n\n\n\n<h3 class=\"wp-block-heading\"><a href=\"https:\/\/www.scouts284.org\/index.php\/correos-recibidos-torrecilla-2014\/\">Correos enviados al campamento<\/a><\/h3>\n\n\n\n<p>La situaci\u00f3n del campamento es f\u00e1cil de explicar, \u00a1y este a\u00f1o est\u00e1 muy cerca de Madrid! As\u00ed que este a\u00f1o&nbsp;<strong>no tienes excusa para no venir al campamento (s\u00ed, s\u00ed, lo digo por t\u00ed) el d\u00eda de padres<\/strong>, que es el s\u00e1bado 26 de julio. \ud83d\ude09<\/p>\n\n\n\n<p>Y no s\u00f3lo porque est\u00e1 muy cerca, sino porque, adem\u00e1s, el d\u00eda de padres este a\u00f1o coincide con el Festival de la Canci\u00f3n, que ser\u00e1 esa misma noche en campamento. Todos los padres est\u00e1n invitados a presenciar el acontecimiento musical del a\u00f1o!<\/p>\n\n\n\n<p>Pero por si estas dos razones fueran pocas, hay una tercera raz\u00f3n: este a\u00f1o las unidades mayores estar\u00e1n en campamento el d\u00eda de padres (habitualmente solo est\u00e1n castores, lobatos y tropas). Este a\u00f1o, los escultas y el clan nos honrar\u00e1n con su presencia y ser\u00e1 un d\u00eda de padres hist\u00f3rico. El a\u00f1o que viene ya no se dar\u00e1n estas circunstancias, porque el d\u00eda de padres tendr\u00e1 que ser el s\u00e1bado 25 de julio de 2015 y el Festival es siempre el d\u00eda 26, y las unidades mayores volver\u00e1n de sus raids el 26 por la ma\u00f1ana.<\/p>\n\n\n\n<p>Torrecilla en Cameros est\u00e1 en la N-111, entre Soria y Logro\u00f1o:<\/p>\n\n\n\n<figure class=\"wp-block-image size-large\"><img loading=\"lazy\" decoding=\"async\" width=\"559\" height=\"675\" src=\"https:\/\/www.scouts284.org\/wp-content\/uploads\/2020\/07\/Torrecilla_mapa_v2-1.jpg\" alt=\"\" class=\"wp-image-909\"\/><\/figure>\n\n\n\n<p>Seg\u00fan Google, desde la parroquia se llega en 3 horas casi exactas,&nbsp;<a href=\"https:\/\/goo.gl\/maps\/ylmrL\" target=\"_blank\" rel=\"noreferrer noopener\">por la A2 hasta Medinaceli y luego tomando la N-111 hasta Torrecilla en Cameros<\/a>.<\/p>\n\n\n\n<p>Como se aprecia en el mapa topogr\u00e1fico, el pueblo est\u00e1 a unos 750 metros de altitud:<\/p>\n\n\n\n<figure class=\"wp-block-image size-large\"><img loading=\"lazy\" decoding=\"async\" width=\"537\" height=\"561\" src=\"https:\/\/www.scouts284.org\/wp-content\/uploads\/2020\/07\/Torrecilla_IGN50_v2.jpg\" alt=\"\" class=\"wp-image-910\"\/><\/figure>\n\n\n\n<p>Este a\u00f1o vamos a ser m\u00e1s que en muchos a\u00f1os: m\u00e1s de 430 personas. Tambi\u00e9n hay novedades como las nuevas letrinas de cabina (\u00a1adi\u00f3s al hoyo de las letrinas y a las viejas turcas!), y la obligaci\u00f3n de utilizar jabones (geles, champ\u00fas) biodegradables, \u00a1qu\u00e9 cosas! Otra novedad importante es que este a\u00f1o no habr\u00e1 piojos en campamento porque hemos comprado un lanzallamas de butano&#8230; \u00a1que los mata desde varios metros de distancia! ( &nbsp;\ud83d\ude09 es broma, pero de todas maneras no va a hacer falta porque todo el mundo va a venir super revisado, \u00bfverdad?)<\/p>\n\n\n\n<p>Cambian las letrinas, los jabones, el lugar&#8230; los nombres de algunas unidades, sonar\u00e1n nuevas canciones&#8230; llegan ni\u00f1os nuevos a descubrir el gran juego del escultismo y otros ya no est\u00e1n pero dejaron su huella&#8230; pero el esp\u00edritu sigue igual. 107 a\u00f1os despu\u00e9s de que Baden Powell se llevara a unos chavales a la isla de Brownsea a hacer una experiencia in\u00e9dita hasta entonces, seguimos haciendo la misma Promesa y esforz\u00e1ndonos por cumplir la misma Ley. Y tratando de transmitir -con el ejemplo- esos valores y ese estilo a los chavales. El campamento es el lugar por excelencia donde todo esto se pone en pr\u00e1ctica. Estar en plena naturaleza con 400 personas que est\u00e1n poniendo lo mejor de s\u00ed mismas es una aut\u00e9ntica gozada. \u00a1A disfrutarla!<\/p>\n","protected":false},"excerpt":{"rendered":"<p>\u00a1Bienvenidos! Esta es la p\u00e1gina del Campamento&nbsp;Torrecilla en Cameros &#8211; 2014, del Grupo Scout 284 &#8211; Reina del Cielo. Desde aqu\u00ed puedes acceder a las p\u00e1ginas de: Campamento Virtual Correos enviados al campamento La situaci\u00f3n del campamento es f\u00e1cil de explicar, \u00a1y este a\u00f1o est\u00e1 muy cerca de Madrid! As\u00ed [&hellip;]<\/p>\n","protected":false},"author":2,"featured_media":0,"parent":0,"menu_order":0,"comment_status":"closed","ping_status":"closed","template":"","meta":{"footnotes":""},"class_list":["post-907","page","type-page","status-publish","hentry"],"jetpack_sharing_enabled":true,"_links":{"self":[{"href":"https:\/\/www.scouts284.org\/index.php\/wp-json\/wp\/v2\/pages\/907","targetHints":{"allow":["GET"]}}],"collection":[{"href":"https:\/\/www.scouts284.org\/index.php\/wp-json\/wp\/v2\/pages"}],"about":[{"href":"https:\/\/www.scouts284.org\/index.php\/wp-json\/wp\/v2\/types\/page"}],"author":[{"embeddable":true,"href":"https:\/\/www.scouts284.org\/index.php\/wp-json\/wp\/v2\/users\/2"}],"replies":[{"embeddable":true,"href":"https:\/\/www.scouts284.org\/index.php\/wp-json\/wp\/v2\/comments?post=907"}],"version-history":[{"count":3,"href":"https:\/\/www.scouts284.org\/index.php\/wp-json\/wp\/v2\/pages\/907\/revisions"}],"predecessor-version":[{"id":917,"href":"https:\/\/www.scouts284.org\/index.php\/wp-json\/wp\/v2\/pages\/907\/revisions\/917"}],"wp:attachment":[{"href":"https:\/\/www.scouts284.org\/index.php\/wp-json\/wp\/v2\/media?parent=907"}],"curies":[{"name":"wp","href":"https:\/\/api.w.org\/{rel}","templated":true}]}}