{"id":852,"date":"2020-07-15T22:32:49","date_gmt":"2020-07-15T20:32:49","guid":{"rendered":"http:\/\/www.scouts284.org\/?page_id=852"},"modified":"2020-07-15T22:50:37","modified_gmt":"2020-07-15T20:50:37","slug":"campamento-2017","status":"publish","type":"page","link":"https:\/\/www.scouts284.org\/index.php\/campamento-2017\/","title":{"rendered":"Campamento 2017"},"content":{"rendered":"\n<h1 class=\"wp-block-heading\">\u00a1Bienvenidos al Campamento Oto 2017!<\/h1>\n\n\n\n<p>Esperamos que desde estas p\u00e1ginas pod\u00e1is seguir el campamento casi, casi, como si estuvi\u00e9rais all\u00ed.<\/p>\n\n\n\n<p>Todas las noches intentaremos (ojo, que no siempre se puede) ir poniendo&nbsp;la cr\u00f3nica diaria&nbsp;y fotos de las actividades que hemos hecho para que pod\u00e1is seguir el campa desde Madrid:<\/p>\n\n\n\n<h3 class=\"wp-block-heading\"><a href=\"https:\/\/www.scouts284.org\/index.php\/campamento-virtual-oto-2017\/\">Campamento virtual Oto 2017<\/a><\/h3>\n\n\n\n<p>Tambi\u00e9n publicamos&nbsp;los&nbsp;<strong>correos<\/strong>&nbsp;que nos vais enviando&nbsp;a lo largo de todo el campamento a&nbsp;<strong><a href=\"mailto:scouts284@gmail.com\">scouts284@gmail.com<\/a><\/strong>&nbsp;as\u00ed que os animamos a todos a escribir \ud83d\ude42 :<\/p>\n\n\n\n<h3 class=\"wp-block-heading\"><a href=\"https:\/\/www.scouts284.org\/index.php\/correos-oto-2017\/\">Correos recibidos en\u00a0scouts284@gmail.com<\/a><\/h3>\n\n\n\n<p>Y, como siempre, se pueden mandar&nbsp;<strong>cartas<\/strong>&nbsp;(s\u00ed, s\u00ed, de las de papel y boli) a campamento. Es importante que indiqu\u00e9is el nombre y unidad de vuestro hijo porque nos ayuda a clasificar el correo. Esta es la direcci\u00f3n:<strong>Campamento Grupo Scout 284 Reina del Cielo<br>Los Llanos<br>22370 &#8211; OTO (Huesca)<br>ARAG\u00d3N<\/strong><\/p>\n\n\n\n<p>En cuanto al sitio de campamento, nos parece que no necesita presentaci\u00f3n. Es una ubicaci\u00f3n privilegiada para acercarse al Parque Nacional de Ordesa y Monte Perdido, y a los valles que lo rodean: Bujaruelo, A\u00f1isclo, Pineta, Gavarnie&#8230;<\/p>\n\n\n\n<figure class=\"wp-block-image size-large\"><a href=\"https:\/\/www.scouts284.org\/wp-content\/uploads\/2020\/07\/Vista_3D_Oto_2017.jpg\"><img loading=\"lazy\" decoding=\"async\" width=\"1674\" height=\"1097\" src=\"https:\/\/www.scouts284.org\/wp-content\/uploads\/2020\/07\/Vista_3D_Oto_2017.jpg\" alt=\"\" class=\"wp-image-851\"\/><\/a><\/figure>\n","protected":false},"excerpt":{"rendered":"<p>\u00a1Bienvenidos al Campamento Oto 2017! Esperamos que desde estas p\u00e1ginas pod\u00e1is seguir el campamento casi, casi, como si estuvi\u00e9rais all\u00ed. Todas las noches intentaremos (ojo, que no siempre se puede) ir poniendo&nbsp;la cr\u00f3nica diaria&nbsp;y fotos de las actividades que hemos hecho para que pod\u00e1is seguir el campa desde Madrid: Campamento [&hellip;]<\/p>\n","protected":false},"author":2,"featured_media":851,"parent":0,"menu_order":0,"comment_status":"closed","ping_status":"closed","template":"","meta":{"footnotes":""},"class_list":["post-852","page","type-page","status-publish","has-post-thumbnail","hentry"],"jetpack_sharing_enabled":true,"_links":{"self":[{"href":"https:\/\/www.scouts284.org\/index.php\/wp-json\/wp\/v2\/pages\/852","targetHints":{"allow":["GET"]}}],"collection":[{"href":"https:\/\/www.scouts284.org\/index.php\/wp-json\/wp\/v2\/pages"}],"about":[{"href":"https:\/\/www.scouts284.org\/index.php\/wp-json\/wp\/v2\/types\/page"}],"author":[{"embeddable":true,"href":"https:\/\/www.scouts284.org\/index.php\/wp-json\/wp\/v2\/users\/2"}],"replies":[{"embeddable":true,"href":"https:\/\/www.scouts284.org\/index.php\/wp-json\/wp\/v2\/comments?post=852"}],"version-history":[{"count":3,"href":"https:\/\/www.scouts284.org\/index.php\/wp-json\/wp\/v2\/pages\/852\/revisions"}],"predecessor-version":[{"id":863,"href":"https:\/\/www.scouts284.org\/index.php\/wp-json\/wp\/v2\/pages\/852\/revisions\/863"}],"wp:featuredmedia":[{"embeddable":true,"href":"https:\/\/www.scouts284.org\/index.php\/wp-json\/wp\/v2\/media\/851"}],"wp:attachment":[{"href":"https:\/\/www.scouts284.org\/index.php\/wp-json\/wp\/v2\/media?parent=852"}],"curies":[{"name":"wp","href":"https:\/\/api.w.org\/{rel}","templated":true}]}}