{"id":847,"date":"2020-05-25T23:54:38","date_gmt":"2020-05-25T21:54:38","guid":{"rendered":"http:\/\/www.scouts284.org\/?page_id=847"},"modified":"2020-05-25T23:54:38","modified_gmt":"2020-05-25T21:54:38","slug":"campamento-1995","status":"publish","type":"page","link":"https:\/\/www.scouts284.org\/index.php\/campamento-1995\/","title":{"rendered":"Campamento 1995"},"content":{"rendered":"\n<p>El campamento de verano de 1995 tuvo lujar en Ter\u00e1n, en la zona de Saja, Cantabria.<\/p>\n\n\n\n<p>Aqu\u00ed tenemos unas pocas fotos de aquel campamento:<\/p>\n\n\n\n<p><a rel=\"noreferrer noopener\" href=\"https:\/\/photos.app.goo.gl\/92DxKtSQPpD4ugq56\" target=\"_blank\">\u00c1lbum de fotos de Ter\u00e1n 95<\/a><\/p>\n\n\n\n<p>Que las disfrut\u00e9is!<\/p>\n","protected":false},"excerpt":{"rendered":"<p>El campamento de verano de 1995 tuvo lujar en Ter\u00e1n, en la zona de Saja, Cantabria. Aqu\u00ed tenemos unas pocas fotos de aquel campamento: \u00c1lbum de fotos de Ter\u00e1n 95 Que las disfrut\u00e9is!<\/p>\n","protected":false},"author":2,"featured_media":0,"parent":0,"menu_order":0,"comment_status":"closed","ping_status":"closed","template":"","meta":{"footnotes":""},"class_list":["post-847","page","type-page","status-publish","hentry"],"jetpack_sharing_enabled":true,"_links":{"self":[{"href":"https:\/\/www.scouts284.org\/index.php\/wp-json\/wp\/v2\/pages\/847","targetHints":{"allow":["GET"]}}],"collection":[{"href":"https:\/\/www.scouts284.org\/index.php\/wp-json\/wp\/v2\/pages"}],"about":[{"href":"https:\/\/www.scouts284.org\/index.php\/wp-json\/wp\/v2\/types\/page"}],"author":[{"embeddable":true,"href":"https:\/\/www.scouts284.org\/index.php\/wp-json\/wp\/v2\/users\/2"}],"replies":[{"embeddable":true,"href":"https:\/\/www.scouts284.org\/index.php\/wp-json\/wp\/v2\/comments?post=847"}],"version-history":[{"count":1,"href":"https:\/\/www.scouts284.org\/index.php\/wp-json\/wp\/v2\/pages\/847\/revisions"}],"predecessor-version":[{"id":848,"href":"https:\/\/www.scouts284.org\/index.php\/wp-json\/wp\/v2\/pages\/847\/revisions\/848"}],"wp:attachment":[{"href":"https:\/\/www.scouts284.org\/index.php\/wp-json\/wp\/v2\/media?parent=847"}],"curies":[{"name":"wp","href":"https:\/\/api.w.org\/{rel}","templated":true}]}}