{"id":3523,"date":"2025-07-08T23:43:05","date_gmt":"2025-07-08T21:43:05","guid":{"rendered":"https:\/\/www.scouts284.org\/?page_id=3523"},"modified":"2025-07-22T23:47:57","modified_gmt":"2025-07-22T21:47:57","slug":"correos-enviados-a-soncillo-2025","status":"publish","type":"page","link":"https:\/\/www.scouts284.org\/index.php\/correos-enviados-a-soncillo-2025\/","title":{"rendered":"Correos enviados a Soncillo 2025"},"content":{"rendered":"<div class=\"row\">\n<div class=\"col-md-12\"><strong><a href=\"https:\/\/www.scouts284.org\/index.php\/campamento-2025\/\">Pincha aqu\u00ed para volver a la p\u00e1gina principal del Campamento 2025.<\/a><\/strong><\/div>\n<div><\/div>\n<\/div>\n<p><a href=\"https:\/\/www.scouts284.org\/index.php\/campamento-virtual-soncillo-2025\/\"><strong>Pincha aqu\u00ed para ir a la p\u00e1gina del Campamento Virtual Soncillo 2025<\/strong><\/a>, en la que cada d\u00eda contamos las novedades desde el campamento.<\/p>\n<p><span>Estos son los\u00a0<\/span><strong>correos electr\u00f3nicos\u00a0<\/strong><span>que nos vais enviando a lo largo de todo el campamento a <\/span><strong><a href=\"mailto:scouts284.2@gmail.com\">scouts284.2@gmail.com<\/a><\/strong><span>. \u00a1Nos hace ilusi\u00f3n recibir vuestros mensajes!<\/span><\/p>\n<hr class=\"wp-block-separator has-alpha-channel-opacity\" \/>\n<h3 class=\"wp-block-heading\">15 de julio<\/h3>\n<h4 jsname=\"r4nke\" class=\"hP\" data-thread-perm-id=\"thread-f:1837725871033328729\" data-legacy-thread-id=\"1980e9f1697ca459\" tabindex=\"-1\">Deseos Campamento Scout 284<\/h4>\n<div id=\"m_-8135967682642259540ms-outlook-mobile-signature\" dir=\"ltr\"><span>Queridos scouts,<\/span><\/p>\n<div dir=\"ltr\"><\/div>\n<div>Os deseo 15 d\u00edas llenos de risas sinceras, juegos al aire libre, historias alrededor del fuego y noches bajo un cielo lleno de estrellas.<\/div>\n<div dir=\"ltr\"><\/div>\n<div>Deseo que hag\u00e1is nuevos amigos, que aprend\u00e1is a superar peque\u00f1os desaf\u00edos y que descubr\u00e1is lo valientes y capaces que sois. Que os sint\u00e1is libres, felices, y parte de algo muy especial: tu grupo scout<\/div>\n<div dir=\"ltr\"><\/div>\n<div>Deseo que os ensucies sin miedo, que explor\u00e9is con curiosidad, y que cada d\u00eda regres\u00e9is a la tienda con el coraz\u00f3n m\u00e1s lleno que el anterior.<\/div>\n<div dir=\"ltr\"><\/div>\n<div>Que os sucedan cosas pero bonitas, disfrut\u00e9is cada momento, que cant\u00e9is fuerte las canciones scouts y salga de este campamento un himno (podr\u00eda ser!), que compart\u00e1is mucho, y que os llev\u00e9is recuerdos que os acompa\u00f1en para siempre.<\/div>\n<div dir=\"ltr\"><\/div>\n<div>\u00a1Disfrutad cada segundo exploradores!<\/div>\n<div dir=\"ltr\"><\/div>\n<div>Con todo mi cari\u00f1o y especialmente a mi peque\u00f1o Koala de Kiowa.<\/div>\n<div dir=\"ltr\"><\/div>\n<div>Lorena<\/div>\n<div><\/div>\n<\/div>\n","protected":false},"excerpt":{"rendered":"<p>Pincha aqu\u00ed para volver a la p\u00e1gina principal del Campamento 2025. Pincha aqu\u00ed para ir a la p\u00e1gina del Campamento Virtual Soncillo 2025, en la que cada d\u00eda contamos las novedades desde el campamento. Estos son los\u00a0correos electr\u00f3nicos\u00a0que nos vais enviando a lo largo de todo el campamento a scouts284.2@gmail.com. [&hellip;]<\/p>\n","protected":false},"author":2,"featured_media":0,"parent":0,"menu_order":0,"comment_status":"closed","ping_status":"closed","template":"","meta":{"footnotes":""},"class_list":["post-3523","page","type-page","status-publish","hentry"],"jetpack_sharing_enabled":true,"_links":{"self":[{"href":"https:\/\/www.scouts284.org\/index.php\/wp-json\/wp\/v2\/pages\/3523","targetHints":{"allow":["GET"]}}],"collection":[{"href":"https:\/\/www.scouts284.org\/index.php\/wp-json\/wp\/v2\/pages"}],"about":[{"href":"https:\/\/www.scouts284.org\/index.php\/wp-json\/wp\/v2\/types\/page"}],"author":[{"embeddable":true,"href":"https:\/\/www.scouts284.org\/index.php\/wp-json\/wp\/v2\/users\/2"}],"replies":[{"embeddable":true,"href":"https:\/\/www.scouts284.org\/index.php\/wp-json\/wp\/v2\/comments?post=3523"}],"version-history":[{"count":7,"href":"https:\/\/www.scouts284.org\/index.php\/wp-json\/wp\/v2\/pages\/3523\/revisions"}],"predecessor-version":[{"id":3605,"href":"https:\/\/www.scouts284.org\/index.php\/wp-json\/wp\/v2\/pages\/3523\/revisions\/3605"}],"wp:attachment":[{"href":"https:\/\/www.scouts284.org\/index.php\/wp-json\/wp\/v2\/media?parent=3523"}],"curies":[{"name":"wp","href":"https:\/\/api.w.org\/{rel}","templated":true}]}}