{"id":3446,"date":"2025-03-16T18:32:03","date_gmt":"2025-03-16T17:32:03","guid":{"rendered":"https:\/\/www.scouts284.org\/?page_id=3446"},"modified":"2025-03-16T18:42:13","modified_gmt":"2025-03-16T17:42:13","slug":"campamento-1993","status":"publish","type":"page","link":"https:\/\/www.scouts284.org\/index.php\/campamento-1993\/","title":{"rendered":"Campamento 1993"},"content":{"rendered":"\n<p>El Campamento de verano de 1993 tuvo lugar en Luarca, Asturias.<\/p>\n\n\n\n<ul class=\"wp-block-list\">\n<li><a href=\"https:\/\/photos.google.com\/share\/AF1QipP_cGkffR6axGXn-qwuC8Rnw3VT8YjYTOD4h-4ZBVa0zQzuktv9dvgO1J74eSTEng?key=MVJZUXByMjhiMnlEYmVPRXliY2V1WF9JV1FUV2JB\"><strong>\u00c1lbum de fotos de la Ronda Solar 1992-1993 y del Campamento Luarca 93<\/strong><\/a><\/li>\n<\/ul>\n\n\n\n<p>Festival:<\/p>\n\n\n\n<ul class=\"wp-block-list\">\n<li><strong><a href=\"https:\/\/www.youtube.com\/watch?v=iGykDKfGwVs\">Festival de la Canci\u00f3n Plan 1993 en YouTube<\/a><\/strong><\/li>\n<\/ul>\n\n\n\n<p>Qu\u00e9 viejos recuerdos! El festival ambientado en Hollywood, y la canci\u00f3n de \u00abAy Ram\u00f3n, menos pizza y m\u00e1s jam\u00f3n\u00bb son de este a\u00f1o!<\/p>\n","protected":false},"excerpt":{"rendered":"<p>El Campamento de verano de 1993 tuvo lugar en Luarca, Asturias. Festival: Qu\u00e9 viejos recuerdos! El festival ambientado en Hollywood, y la canci\u00f3n de \u00abAy Ram\u00f3n, menos pizza y m\u00e1s jam\u00f3n\u00bb son de este a\u00f1o!<\/p>\n","protected":false},"author":2,"featured_media":0,"parent":0,"menu_order":0,"comment_status":"closed","ping_status":"closed","template":"","meta":{"footnotes":""},"class_list":["post-3446","page","type-page","status-publish","hentry"],"jetpack_sharing_enabled":true,"_links":{"self":[{"href":"https:\/\/www.scouts284.org\/index.php\/wp-json\/wp\/v2\/pages\/3446","targetHints":{"allow":["GET"]}}],"collection":[{"href":"https:\/\/www.scouts284.org\/index.php\/wp-json\/wp\/v2\/pages"}],"about":[{"href":"https:\/\/www.scouts284.org\/index.php\/wp-json\/wp\/v2\/types\/page"}],"author":[{"embeddable":true,"href":"https:\/\/www.scouts284.org\/index.php\/wp-json\/wp\/v2\/users\/2"}],"replies":[{"embeddable":true,"href":"https:\/\/www.scouts284.org\/index.php\/wp-json\/wp\/v2\/comments?post=3446"}],"version-history":[{"count":3,"href":"https:\/\/www.scouts284.org\/index.php\/wp-json\/wp\/v2\/pages\/3446\/revisions"}],"predecessor-version":[{"id":3451,"href":"https:\/\/www.scouts284.org\/index.php\/wp-json\/wp\/v2\/pages\/3446\/revisions\/3451"}],"wp:attachment":[{"href":"https:\/\/www.scouts284.org\/index.php\/wp-json\/wp\/v2\/media?parent=3446"}],"curies":[{"name":"wp","href":"https:\/\/api.w.org\/{rel}","templated":true}]}}